4 = 2*b, b = -1 - h. Let u(g) = -g + 7. Calculate u(d).
4
Let j(i) = 2*i**2 - 3*i + 3. Let l be j(2). Suppose l*a - 2*a = 0. Let m(y) = 4 - 6*y + 2*y + a*y**2 - y**2. Determine m(-5).
-1
Let j(u) be the third derivative of u**4/24 + 5*u**3/6 - 5*u**2. What is j(0)?
5
Let a(v) = -v - 1. Let y(h) = -6*h**2 + 4*h**2 - 8 - 2 + h**2 + 4*h. Let c(x) = 3*a(x) - y(x). Give c(6).
1
Let j(z) be the second derivative of z**3/2 + 5*z**2 + 3*z. Let f(o) = -2*o - 7. Let l(v) = -7*f(v) - 5*j(v). Give l(4).
-5
Let x(u) = 7*u**2 + u - u**3 - 2*u**3 - 2*u**2 + 2*u**3 + 2. Give x(5).
7
Let n(b) = -3*b - 4. Let i be (30/(-18))/((2/3)/2). Determine n(i).
11
Let r(b) be the second derivative of -b**5/20 + b**4/12 + b**3/6 - b**2/2 + 2*b. Let g = -74 - -76. Calculate r(g).
-3
Let k = -16 + 10. Let m be (-91)/(-42) + 1/k. Let q(n) = 2*n + 1. Determine q(m).
5
Let x(h) = -h**3 + 9*h**2 - 9*h - 7. Let z be x(8). Let l be 2*(z/(-6) + -1). Let t(n) = -n**2 + 4*n + 1. Calculate t(l).
4
Let r(q) = 2*q**2 + 3*q + 3. Let i(y) = -y**2 - y - 3. Let d(c) = 3*i(c) + 2*r(c). Give d(-5).
7
Let r(s) = s - 2. Let p be r(5). Let t(n) = 1 - 3*n - 2*n - n**3 + 1 + p*n - 2*n**2. Calculate t(-2).
6
Let o(f) = -2*f + 2. Let g = -21 - -19. Give o(g).
6
Let i(x) be the first derivative of 1 + 0*x**2 - 1/120*x**5 + 0*x + 1/24*x**4 - 4/3*x**3. Let v(f) be the third derivative of i(f). Determine v(-4).
5
Let l = -7 - -10. Let i(b) = b - 3. Let j be i(l). Let n(p) = 0 + 3*p - 7*p + j. Determine n(2).
-8
Suppose 0*o - d = 4*o - 20, 16 = -o + 5*d. Let s(x) = -2*x + 6. Determine s(o).
-2
Let p(k) = 2*k + 16. Let n = -99 - -87. Calculate p(n).
-8
Let h(u) be the first derivative of u**4/4 + u**3 - u**2 + u - 8. Give h(-4).
-7
Let k(o) = 12 - 4*o - o + 4*o. Calculate k(9).
3
Let p(y) be the first derivative of -29*y**2/2 - 24. Give p(1).
-29
Suppose -1 = 4*w - 5. Let x(y) = 0 - y + 3*y + 0 + w. Give x(1).
3
Let i(r) = -11*r**3 - 15*r**2 - 1. Let a(u) = 3 - 3*u**2 - 5*u**3 - 3*u**2 - u**2 - 4. Let w(q) = 13*a(q) - 6*i(q). Determine w(0).
-7
Let p(g) be the second derivative of -g**3/6 + 5*g**2/2 + 5*g. Suppose -4*z - 9 = f, -5*f + 3 = 4*z - 0. Determine p(f).
2
Let t(o) = -6*o**3 - o**2 + 1. Let j(r) = r**2 - r + 1. Let u be j(1). Suppose 6*k - 12 = 3*k. Suppose -3 = k*n + u. Give t(n).
6
Let m(u) = -u**2 - u - 1. Let h(c) = 3*c**2 + 7*c + 3. Let i(b) = -h(b) - 2*m(b). Give i(-5).
-1
Let s(g) = -g**2 + 6*g - 7. Suppose 0 = 89*i - 90*i + 5. What is s(i)?
-2
Suppose -4*j + s + 3 = 0, -6 = -8*j + 4*j - 2*s. Let g(u) = -50*u - 35. Let r(h) = 3*h + 2. Let k(m) = -2*g(m) - 35*r(m). Calculate k(j).
-5
Let y = -2 + 0. Let l(p) = -p**2 - 3*p - 1. Calculate l(y).
1
Let w(v) be the third derivative of -v**6/120 - v**5/60 + v**4/24 - 2*v**3/3 - 13*v**2. Determine w(0).
-4
Let g(l) = l**3 - 4*l**2 + 2. Suppose 4*a + 0*a - 28 = 0. Let n be (a - 6)/(2/4). Determine g(n).
-6
Let m(d) = -d - 2. Let r be 2 - 3/1 - 1. Calculate m(r).
0
Suppose -3*u + 2*u + 3*y - 7 = 0, 11 = 4*u + y. Suppose -u*v - 6 + 2 = 0. Let r(g) = g - 8. Let h(t) = -t + 15. Let f(a) = -6*h(a) - 11*r(a). Determine f(v).
8
Suppose 2*u = o - 3 + 12, o - 11 = -2*u. Let d(c) = -3*c**2 - c. Determine d(o).
-4
Let b(n) = -n**2 - n. Suppose 3*g = -0*g - j - 8, 5*g = -5*j - 10. Calculate b(g).
-6
Let r(b) = 0 + 4 + b - 3*b**2 - 3 + b**3. What is r(2)?
-1
Let b(p) = -p**2 + 5*p - 5. Suppose -3*o - 27 = -4*j - 0*o, 0 = 3*j + 2*o + 1. Let f be 4 + -2 + 6/j. What is b(f)?
-1
Let h(k) = -2*k**2 - 7*k + 4. Let q(y) = 5*y**2 + 21*y - 11. Let j(s) = 11*h(s) + 4*q(s). Let c(p) = p**2 - 7*p. Let u(t) = -3*c(t) - 2*j(t). What is u(-5)?
-10
Let a(n) = 1 - n + 4 + 0*n**2 + 4 + n**2. Let l be ((0 + 0)/3)/(-2). What is a(l)?
9
Let q(v) = v**2 + 2. Let j be (-10)/55 + (-72)/(-33). What is q(j)?
6
Let u(t) = 2*t**2 - 2*t. Let d(j) = -j**2 + j. Let x = 10 - 16. Let w(b) = x*u(b) - 11*d(b). What is w(0)?
0
Let y(z) = z**2 - 2*z - 3*z**2 + 6 + 3*z**2 - 3*z. Suppose -2*q + 8 = -0*q. Give y(q).
2
Let r(b) = b**2 + 3*b + 3. Suppose -s = -2*s + 5. Suppose -d + s*i - 23 = -2*d, 4*d + 3*i = 7. Give r(d).
1
Let y(d) = -d**3 + 3*d**2 - 3*d + 2. Suppose 3 = 2*l - 5*f, 0 = -2*l - 3*f - 18 - 19. Let a = -8 - l. What is y(a)?
-7
Let b(a) = -a**2 + 3. Let p be b(-1). Let n(f) = 2*f**3 - 2*f - 1. Calculate n(p).
11
Let s(r) = r**2 + 7*r + 11. Let k be s(-5). Let n(p) = 14*p**2 + 2*p - 1. Determine n(k).
15
Suppose 0*s - 15 = -s. Suppose 0*u - 21 = -3*b + 3*u, -5*b - s = 5*u. Let w(l) = -3*l + 2*l - 3*l - 4 + b*l. Determine w(-5).
6
Let a(f) = -7*f**2 - 5*f + 6. Let j(x) = -7*x**2 - 4*x + 5. Let o(n) = -n + 9. Let i be o(4). Let p(w) = i*a(w) - 6*j(w). Suppose c = 6*c - 5. Determine p(c).
6
Let d(h) = h**3 + 7*h**2 + h + 8. Suppose 5 = -5*u - 30. Give d(u).
1
Let i = -1 + 2. Let x(o) be the first derivative of -o**2/2 - o - 1. Let u(n) = 4*n + 5. Let w(y) = i*u(y) + 5*x(y). Calculate w(1).
-1
Let l(k) = 4*k - 10. Let p(h) = 4*h - 9. Let c(i) = -5*l(i) + 6*p(i). Calculate c(3).
8
Let n(b) = -b + 0*b + b**3 + b**2 + 2*b - 2. Suppose -5*r = -8*r. Give n(r).
-2
Suppose -3*v - w = 19, -2*w = -5*v + 2*w - 9. Let a(o) be the first derivative of o**2 + 6*o - 19. Determine a(v).
-4
Let y(a) be the second derivative of 1/24*a**4 + 3/2*a**2 - 2*a - 1/6*a**3 + 0. Let q(o) be the first derivative of y(o). What is q(4)?
3
Let s(r) be the third derivative of -r**4/24 - r**3/2 + 5*r**2. Let m = 6 + -2. Suppose -4*o - a + 21 = 0, o - a = -0*a + m. Determine s(o).
-8
Let i be (7 - -11)/(-6)*(-1)/1. Let b(w) = w**2 + 3. Calculate b(i).
12
Let f be 4/3 - (-2)/3. Let c(h) = 4*h**3 - 3*h**2 + 4*h + 3*h**2 - 1 - 5*h**3 - f*h**2. Let g(t) = t**3 - 3*t**2 - 6*t + 5. Let z be g(4). Determine c(z).
-4
Let d(x) = -x**3 + 5*x**2 + 3*x + 3. Suppose -5*t - 12 = -7*t. Calculate d(t).
-15
Let f(l) be the first derivative of -3*l**2/2 - 3*l - 4. Give f(-3).
6
Let a(u) = u**2 - u + 6. Let n be 4 + (-1)/(2/(-2)). Determine a(n).
26
Let i(q) be the first derivative of 6*q**2 - 8*q**2 + q**2 + 2*q**2 + 3 - 4*q. Suppose -12 = -4*n + n. Determine i(n).
4
Suppose 0 = -2*x - l + 7, 12 = x + 2*x + l. Let g(m) = 3*m - m - m - x + 0*m. What is g(5)?
0
Let q(w) be the second derivative of w**3/6 - w**2 - w. Suppose 2*u = -2*z - 3*z - 4, u = -5*z - 2. Calculate q(z).
-2
Let d(w) = w**3 - 5*w**2 + 5*w - 3. Suppose y + 3*y = 8. Let j be 2/4*2*-1. Let a be j/(y/((-12)/2)). Determine d(a).
-6
Let f(i) = 5*i**3 + 2*i**2 + 2*i + 1. Let m be -2*((-27)/6)/(-9). Calculate f(m).
-4
Suppose -23 = -5*y + 2*q, 30 - 6 = 5*y - q. Suppose -5*c = -y - 5. Let u(k) = k**3 - 2*k**2 + 2*k - 1. What is u(c)?
3
Let p(v) = -8*v - 8 - 2 + 2 - v**2. What is p(-6)?
4
Suppose 3*n = 4*x + 6, 4*x = -3*n - 2 - 16. Let v(w) = -w**2 - 3*w - 1. Let q be v(x). Let t(h) = -2*h**2. Calculate t(q).
-2
Let r be (-5 + 0)/(2 + -3). Let o(b) = 7*b**3 - 12*b**2 + 13*b - 7. Let d(c) = -11*c**3 + 18*c**2 - 20*c + 11. Let f(h) = -5*d(h) - 8*o(h). Determine f(r).
6
Let d(g) = 4*g**3 - 2*g**2 - 2*g - 1. Let f be (1/3)/(6/36). Let w be (3/(-2))/(f/(-4)). Suppose 3*z + w = -0. Determine d(z).
-5
Let s(l) = -2*l - 5. Let n(k) = -2*k - 4. Let c(f) = 6*n(f) - 5*s(f). Let t(g) = -g + 1. Let y(q) = 2*c(q) - 3*t(q). What is y(-6)?
5
Let a(x) = x + 1. Let w(l) = l + 1. Let h(u) = -3*u + 5. Let p(v) = -h(v) - 2*w(v). Let o = 8 - 4. Let k be p(o). Give a(k).
-2
Let y(q) = q**2 - 7*q. Let p be y(7). Let x(v) = 3*v + 11. Let b(d) = -d - 4. Let t(a) = -7*b(a) - 2*x(a). Calculate t(p).
6
Let s(g) = -g - 2. Let v be 4/(-14) - 4/(-14). Let u be 2 + (v - -1 - -18). Suppose -3*i - u = 3*c - 2*i, 0 = 4*c - 2*i + 18. Determine s(c).
4
Let z(p) = p**2 - 4*p - 1. Let m be z(5). Let r(t) = -t**3 + 5*t**2 - 6*t + 6. Let s be r(m). Let k(q) = q**3 + 3*q + 3. Determine k(s).
-11
Let j(y) be the first derivative of -2*y**2 - y + 11. Give j(-2).
7
Let u = -4 - -4. Suppose 0*j + 3 = j. Suppose u*r + 15 = 3*r - j*q, -4*q + 7 = 5*r. Let d(i) = i. Determine d(r).
3
Let z(j) = -9*j + 3. Let y be 4/(-5)*30/(-4). Let h(i) = 5*i - 2. Let r(x) = y*z(x) + 11*h(x). Suppose 0 = 9*b - 13*b. Determine r(b).
-4
Suppose -2*g = -10, 4*u + u + g = 5. Let f(h) = h**2 - h - 6. Determine f(u).
-6
Let c(z) be the third derivative of -z**6/120 - z**5/15 - 5*z**3/6 + 2*z**2. Give c(-4).
-5
Suppose 3*s + 9 = 4*d, s + 5 = 3*d + 2. L